- 13 - (-2 + -4).
15
-40 - (-39 - -40 - 18)
-23
What is the value of 0 + (-2 - 0) + -4 - (-44 + 32)?
6
Evaluate -3 + 1 + (14 - 24) + 19.
7
What is the value of -1 + -31 + 1 + 2 + 10?
-19
Evaluate -10 - 0 - (-2 + 1 + -8).
-1
Calculate (17 - (-3 + 0)) + -12.
8
Calculate (-15 - -45) + (76 - 70).
36
-7 + -1 + (12 - (2 + -7))
9
What is 6 + (10 + -1 + 8 + -16 - -6)?
13
(-10 - -3) + 6 - 5
-6
Calculate -18 - 1 - -41 - 10.
12
Calculate (6 - (8 + -4)) + (10 - -4).
16
(10 + 0 + -8 - -13) + -6
9
What is -2 - (29 + -6 + (17 - 31))?
-11
What is the value of 11 - (28 - 7) - 3?
-13
What is the value of -12 - 2 - (7 + -21)?
0
29 + (18 - -2 - 31)
18
What is -39 - (-34 + -14 + 36)?
-27
Evaluate (1 - 1) + -18 + 16 + -2 + 2.
-2
Calculate 8 + (2 - 7 - -21 - (16 - 23)).
31
-28 + 43 + 2 + 0 + -4
13
-1 + -8 - (-46 + 13 - -31)
-7
What is 1 + 6 - (15 - 0) - -9?
1
-12 - -17 - (0 + (5 - 6))
6
What is the value of (1 - -6) + -3 + 0 + 1 + -3?
2
-160 + 166 + 1 + 21 + -11
17
What is the value of (-4 - 2 - 0) + -34 + 25?
-15
Evaluate -9 - 2 - (-10 + 1 + -5).
3
Evaluate 11 + (6 - 38) - (6 + 3 + -20).
-10
Evaluate -9 + 25 - (-8 + 1 + -10).
33
What is the value of (45 - 18) + (4 + 4 + -4 - 7)?
24
Evaluate (-31 - -4) + -24 + 59.
8
Evaluate -7 + -7 + -16 + 10 + (0 - -7).
-13
Evaluate -20 - (-8 - (-14 - -17)).
-9
-2 - 1 - (4 + (5 - 6))
-6
Evaluate -3 - (63 - 30) - (6 + -17).
-25
Calculate 10 + (2 - 4) - (-10 - (-4 + -11)).
3
Evaluate -5 + 5 + (-51 - -56).
5
(86 - 110) + (14 - 4)
-14
(-9 - -7) + -2 + -12 + 1 - -1
-14
(-4 - (-3 + (0 - -1))) + (-119 - -116)
-5
-3 + 10 + -14 + 7 + 6
6
Evaluate 134 + -142 - (-2 - 1 - 23 - 2).
20
Calculate -3 - (2 + (-1 - 10 - 21)).
27
What is 115 + -121 + 3 + 5 + (-1 - 14)?
-13
(3 + -24 - -7) + 8 + -6
-12
Calculate (15 + -8 - (3 - 2)) + -6 + -15.
-15
What is the value of (-23 - -27) + (7 - (7 + 7)) + -2?
-5
What is 14 + -20 + (33 - 31)?
-4
-1 + -3 - (71 - 94) - (-5 + 1)
23
Calculate (3 - (-56 + 30)) + -17.
12
What is 23 + 8 + -27 + (2 - (1 + -1))?
6
Calculate 11 - 1 - (-14 + 28).
-4
What is (-37 - -14) + 28 + 16?
21
What is the value of (-20 - -8) + 20 + -30 + 3 + 3?
-16
Evaluate 10 + (-4 - -6) + 4 - (0 - -4).
12
What is the value of (-28 - -2) + (-241 - -259)?
-8
17 - (17 + -20) - 41
-21
Evaluate (-3 + -8 - 9) + 13.
-7
3 - 2 - (-303 + 271)
33
Calculate (39 - 6 - 24) + (-6 - 0).
3
What is -10 - (3 + -4 + 0 + -10)?
1
What is -8 - (-8 - (4 + -6) - -1)?
-3
-13 + -9 + 8 - 0
-14
Evaluate (-1 - (17 + -12)) + -7.
-13
What is 8 + (4 - (-4 - -12 - -3)) + 8?
9
Calculate -9 + 22 + -18 + -8.
-13
What is the value of (13 - -1) + (-106 - -93) - -9?
10
Calculate 10 - (3 + -3) - 5.
5
Evaluate (-5 - -14) + (-23 - -11) + 13.
10
Evaluate (12 - (-22 - -8)) + -34.
-8
What is 8 + (-24 - -39) + (-1 - 1) + 10?
31
Evaluate 14 - (12 - (24 + -14)) - 20.
-8
(9 - (-8 + -10)) + -10 + -3
14
-1 + 11 + (-13 + 5 + 15 - 15)
2
What is the value of -8 - -15 - (5 + -1 + 7)?
-4
Evaluate (12 - -12 - 32) + (10 - 0) + -7.
-5
Evaluate 122 + -129 + 2 + 4.
-1
What is the value of -11 - (0 - -7) - -2?
-16
What is (3 - -18) + (-201 - -185)?
5
What is (78 + -11 - 29) + -10?
28
-10 - (-37 - -22 - (1 - 8))
-2
Evaluate -2 - ((-15 - (0 - 1)) + 0 + 2).
10
What is -14 - (26 + -15 + (-13 - -16))?
-28
What is the value of 23 - (0 + -1 + (37 - 19) + -18)?
24
-19 + (4 - 0) + 8
-7
Calculate 637 - 630 - (-1 - -29).
-21
Evaluate (1 - -1) + (-28 - (-29 + 31 + -31)).
3
34 + -14 + -28 + (-6 - 0)
-14
Calculate (-7 - (2 - 13)) + -6.
-2
What is 11 + (2 - 5) + -206 + 202?
4
Evaluate 1 + 2 - (-121 - -113 - (1 + -10)).
2
What is the value of 10 + (-2 - 10) + -13?
-15
What is the value of 3 - (4 + 8 - 5 - (1 - -7))?
4
What is the value of (-1660 - -1644) + (-1 - -3) + -4?
-18
(15 - 12) + 1 + -5 + 3
2
Calculate 21 - (5 - (-39 - -12)).
-11
5 + 1 + (14 - (27 + -12 + -1))
6
What is the value of 13 + 22 + -12 + (-2 - 10)?
11
-6 + (-7 - -11 - -2 - 8)
-8
-1 + -19 + -54 + 59
-15
0 + (2 - 3 - 4) + (-9 - -20)
6
-7 - (-5 + -2) - (-2 - (-5 + 10))
7
What is the value of -29 + 38 - -17 - 24?
2
What is the value of 11 + (25 - 39) + -12?
-15
What is the value of -9 - -22 - (5 + (1 - (4 - 5)))?
6
-13 - (0 + (1 - (-1 - -3)))
-12
What is the value of 14 + -7 + -19 + -4?
-16
What is the value of 52 + (-28 - 1) + -13?
10
What is the value of (4 - 4) + (1 + 10 - 1)?
10
Calculate -2 + -2 + (-23 + 8 - -26) - -20.
27
What is -1 - ((19 - 2) + -1 + (-450 - -444))?
-11
Evaluate 13 - (28 - (-26 - -30)).
-11
-6 + (-28 - 9) + 9
-34
What is -23 - (-70 + 42 + -2)?
7
What is the value of -7 + 16 + -7 - (-2 + 1 - 0)?
3
What is (13 - (-14 + 11)) + -2 + (-4 - 3)?
7
Evaluate 2 - 4 - -2 - 9 - (-77 - -73).
-5
What is (-6 - (5 - -2)) + 1?
-12
What is the value of (7 - -1) + 3 - (-7 - (-6 - -5))?
17
What is the value of -3 + (-8 - (8 + -5))?
-14
4 + -13 + 1 - (3 - 10)
-1
Evaluate 4 + -12 + 6 + -16 + 5 + -3.
-16
Calculate 3 + 17 + -28 + 9.
1
(0 - -1) + 11 + -19
-7
What is (0 - 1) + -12 - (8 - (15 + -7))?
-13
Evaluate 146 - 146 - (3 + -14).
11
What is 1 + 14 - (-2 + -5) - (0 - -5)?
17
Calculate -20 - (4 + -4 - -3) - -14.
-9
Calculate (-1 - 22) + (7 - -34 - 31).
-13
Calculate (11 + -4 - 10) + 9.
6
Calculate (-12 - (0 + -2 + -4)) + 3.
-3
Calculate -8 + -23 + 4 + 32.
5
What is -11 + -6 + 14 - (-5 - 1)?
3
-3 + (2 - (-9 - (-8 - 0)))
0
Evaluate 10 + (-1 - -3 - 6 - -10) - 3.
13
What is 9 - -27 - 26 - 17?
-7
Calculate 0 + -1 - (11 - (-21 - -21)).
-12
What is 6 - ((-1 - -8) + 6) - (3 - -19)?
-29
Evaluate (-14 - -1) + -71 + 83 - -1.
0
What is 9 + -8 - (5 - 1)?
-3
Calculate (7 - -38) + -15 - 55.
-25
Calculate -2 - 4 - (12 + -12 + 3).
-9
15 + (1 - 4) + (-19 - (6 - 17))
4
Evaluate 29 + -37 + 1 + 0 + -5 + 6.
-6
Calculate (-6 - -7 - 1) + -2 + (5 - -18).
21
What is -6 - (5 - (0 + -5 + 14))?
-2
What is the value of -1 + 2 + 141 + -117 + (-10 - -1)?
16
What is the value of 11 + -23 + (-1 - -22)?
9
Evaluate (22 - 2) + (233 - 267).
-14
Evaluate 30 + (-2 - (-2 + 14)).
16
What is 27 + (10 - 33 - 1)?
3
What is the value of 18 + (-6 - (7 - -10))?
-5
What is (5 + 3 - 9) + (-2 - (-1 + -1))?
-1
11 - (11 - (17 - -4 - 6))
15
Calculate 2 - (1 - -17) - ((14 - -3) + -24).
-9
Evaluate -1 + -5 + (3 - 6).
-9
Calculate -670 + 688 + (18 - 0).
36
-4 - 0 - (18 + -29)
7
(-22 - 2) + (-2 - 0) + 9
-17
Calculate (3 - (4 + -1)) + 12 - (13 + -6).
5
What is the value of 20 - ((8 - 6) + -2) - (5 + 2)?
13
(-9 - -2) + (-20 - (18 + -46))
1
What is (2 - 11 - -1) + 2 + 2?
-4
What is the value of -8 + 22 - (6 - (-3 - -15))?
20
Calculate 6 + 1 + 933 + -924.
16
What is -20 + (76 - 71 - (2 - (5 + -4)))?
-16
Calculate (6 - 2) + (96 - 85) + -6 + 0.
9
What is the value of 9 + (-4 - -4) + -5?
4
Calculate -8 + 5 - (-9 + 0) - (0 + 15).
-9
Calculate 0 - (-2 - -7) - (9 - (23 - 12)).
-3
Calculate -6 + 10 + (-12 - 15) + -9.
-32
Calculate 3 - (-7 + 2) - 2 - 14.
-8
What is (-27 - 1) + -16 + 50 + -28 + 7?
-15
What is the value of (-33 - -29) + (-32 - -19)?
-17
Evaluate (13 + 4 - 31) + -2.
-16
(10 - -8) + 9 - 13
14
-12 + 6 + 2 - (2 - 7 - 17)
18
What is (17 - 60 - -59) + (-17 - -1)?
0
Evaluate -2 + -15 - (124 - 107).
-34
What is 7 + (-12 - (0 + 10 + -14))?
-1
What is 16 + -1 + -54 + 51?
12
Calculate -7 - (4 - 14 - 8).
11
What is (14 - 20) + (0 - (-4 + 3))?
-5
Calculate (43 - 25) + -8 - (-7 + -4).
21
168 + -156 - (-4 - (-2 - (-1 - 1)))
16
What is (-3 - -7) + 32 + -21?
15
What is (-30 - (12 - 10 - 5) - -2) + 6?
-19
-5 + -5 + 8 - (-8 + 12 - -14)
-20
What is the value of 73 + -82 + 16 + 0?
7
Evaluate -1 - (11 + -21) - (0 + 1).
8
Calculate 371 + -363 - (0 + -11).
19
78 - 84 - (-8 - (0 - -3))
5
Calculate 33 - (-10 + 20) - (8 + -4).
19
What is the value of (18 - 28) + -52 - -35?
-27
What is (0 - -14) + (2 - (-1 + 6 + -2))?
13
What is the value of (-7 - -3 - 3 - 6) + -7 + 5?
-15
24 + -68 + 27 + 27
10
Evaluate (5 + 4 - (11 + -10)) + -18.
-10
Evaluate 19 + -5 - (23 + -9).
0
Evaluate 5 + 1 + (-14 - 0).
-8
8 - ((2 + -1 - (26 + -34)) + -7)
6
Evaluate (2 - (3 - -6)) + -4 + 6 + -3.
-8
Evaluate (56 + -36 - -6) + -53.
-27
What is the value of -9 + (38 - 5 - (15 + -8))?
17
(0 - (-6 - 2)) + (23 - 86) + 68
13
1050 - 1001 - (-1 - -14 - 0)
36
-1 - -13 - (-381 + 385)
8
What is -10 + -1 + 28 + -5 + -16?
-4
10 - (6 - 20 - -28) - (0 + 15)
-19
(2 - -5 - 2 - 2) + -35
-32
What is (-4 - (-4 - 9)) + -7 - 1 - -24?
25
What is the value of 10 + 3 + -6 + -15 + 10 - -